{"id":54,"date":"2022-01-26T22:16:58","date_gmt":"2022-01-26T22:16:58","guid":{"rendered":"https:\/\/fermelarochette.ch\/wordpress\/?page_id=54"},"modified":"2026-02-19T21:20:00","modified_gmt":"2026-02-19T20:20:00","slug":"contact-faq","status":"publish","type":"page","link":"https:\/\/fermelarochette.ch\/index.php\/contact-faq\/","title":{"rendered":"Contact"},"content":{"rendered":"\n<div class=\"wp-block-columns is-layout-flex wp-container-core-columns-is-layout-9d6595d7 wp-block-columns-is-layout-flex\">\n<div class=\"wp-block-column is-layout-flow wp-block-column-is-layout-flow\" style=\"flex-basis:100%\">\n<h1 class=\"wp-block-heading has-large-font-size\" id=\"faq\">FAQ<\/h1>\n\n\n\n<p><strong>Q: Puis-je acheter des produits directement \u00e0 la ferme ?<\/strong><br>R: Prochainement, nous tiendrons une boutique \u00e0 la ferme. En attendant, rendez-vous sur la page \u00ab <a href=\"https:\/\/fermelarochette.ch\/index.php\/legumes\/\">L\u00e9gumes<\/a> \u00bb concernant les paniers de l\u00e9gumes, la page \u00ab <a href=\"https:\/\/fermelarochette.ch\/index.php\/boutique\/\">Boutique<\/a> \u00bb concernant les produits confectionn\u00e9s, et la page \u00ab <a href=\"https:\/\/fermelarochette.ch\/index.php\/plants-et-plantons\/\">Plantons<\/a> \u00bb concernant les plants et plantons.<\/p>\n\n\n\n<p><strong>Q: J&rsquo;aimerais m&rsquo;abonner \u00e0 un panier de l\u00e9gumes ou passer une commande. Comment m&rsquo;y prendre ?<\/strong><br>R: Pour vous abonner aux paniers de l\u00e9gumes ou pour passer une commande, St\u00e9phane se tient \u00e0 votre disposition au <strong>079\/354.59.75 <\/strong>ou \u00e0 l&rsquo;adresse <a href=\"mailto:stephane@fermelarochette.ch\">stephane@fermelarochette.ch <\/a><\/p>\n\n\n\n<p><strong>Q: Puis-je visiter la ferme ? &nbsp;<\/strong><br>R: Certaines des <a href=\"https:\/\/fermelarochette.ch\/index.php\/formations-et-ateliers-programme\/\">formations<\/a> propos\u00e9es ont lieu au c\u0153ur du jardin-mara\u00eecher. En dehors de ces \u00e9v\u00e9nements, nous organisons des journ\u00e9es <a href=\"https:\/\/fermelarochette.ch\/index.php\/portes-ouvertes\/\">portes-ouvertes<\/a>.<\/p>\n\n\n\n<p><strong>Q: Est-ce possible de travailler \u00e0 la ferme&nbsp;?<\/strong><br>R: Pour l\u2019instant, nous n\u2019accueillons pas de nouveaux membres. En revanche, nous recevons volontiers l\u2019aide de b\u00e9n\u00e9voles r\u00e9guliers.<\/p>\n\n\n\n<p><strong>Q: Est-ce que vos produits sont certifi\u00e9s biologiques?<\/strong><br>R: Tous les produits de La Rochette sont certifi\u00e9s Bio f\u00e9d\u00e9ral et la quasi totalit\u00e9 est \u00e9galement certifi\u00e9e Bio Bourgeon. De plus, les m\u00e9thodes de culture sont manuelles et inspir\u00e9es de la permaculture.<\/p>\n\n\n\n<p><strong>Q: Vendez-vous de la viande&nbsp;?<\/strong> <br>R: Non, mais notre partenaire <a href=\"https:\/\/www.lessaveurs.ch\/\">Les Saveurs de nos P\u00e2turages<\/a> est sp\u00e9cialis\u00e9 dans l\u2019\u00e9levage de vaches Salers, porcs Pata Negra, volailles et autres animaux destin\u00e9s \u00e0 la production de viande de grande qualit\u00e9. Les animaux sont \u00e9lev\u00e9s dans des conditions exemplaires.<\/p>\n\n\n\n<div style=\"height:15px\" aria-hidden=\"true\" class=\"wp-block-spacer\"><\/div>\n\n\n\n<hr class=\"wp-block-separator has-css-opacity\"\/>\n\n\n\n<div style=\"height:15px\" aria-hidden=\"true\" class=\"wp-block-spacer\"><\/div>\n\n\n\n<p><strong>Vous n&rsquo;avez pas trouv\u00e9 r\u00e9ponse \u00e0 votre question ? Contactez-nous par mail ou par t\u00e9l\u00e9phone&#8230;<\/strong><\/p>\n\n\n\n<p>En g\u00e9n\u00e9ral et pour l&rsquo;inscription aux formations : <a href=\"mailto:contact@fermelarochette.ch\"><mark style=\"background-color:rgba(0, 0, 0, 0)\" class=\"has-inline-color has-accent-1-color\">contact@fermelarochette.ch<\/mark><\/a> (ou par t\u00e9l\u00e9phone aupr\u00e8s de Claudine 076\/237.25.75)<\/p>\n\n\n\n<p>\u00c0 propos de l\u00e9gumes et mara\u00eechage : <a href=\"mailto:stephane@fermelarochette.ch\"><mark style=\"background-color:rgba(0, 0, 0, 0)\" class=\"has-inline-color has-accent-1-color\">stephane@fermelarochette.ch<\/mark><\/a> (079\/354.59.75)<\/p>\n\n\n\n<p><strong>Nous trouver<\/strong> : <mark style=\"background-color:rgba(0, 0, 0, 0)\" class=\"has-inline-color has-accent-1-color\">La Rochette, micro-ferme en permaculture, Sous la Rochette 10a, CH &#8211; 2947 Charmoille<\/mark>. Attention, les GPS pourraient vous emmener au mauvais endroit, une centaine de m\u00e8tre avant La Rochette. Il s&rsquo;agit bien de la derni\u00e8re ferme du village, encore apr\u00e8s la douane, visible depuis la route.<\/p>\n<\/div>\n<\/div>\n\n\n","protected":false},"excerpt":{"rendered":"<p>FAQ Q: Puis-je acheter des produits directement \u00e0 la ferme ?R: Prochainement, nous tiendrons une boutique \u00e0 la ferme. En attendant, rendez-vous sur la page &hellip;<\/p>\n","protected":false},"author":1,"featured_media":117,"parent":0,"menu_order":0,"comment_status":"closed","ping_status":"closed","template":"","meta":{"_price":"","_stock":"","_tribe_ticket_header":"","_tribe_default_ticket_provider":"","_ticket_start_date":"","_ticket_end_date":"","_tribe_ticket_show_description":"","_tribe_ticket_show_not_going":false,"_tribe_ticket_use_global_stock":"","_tribe_ticket_global_stock_level":"","_global_stock_mode":"","_global_stock_cap":"","_tribe_rsvp_for_event":"","_tribe_ticket_going_count":"","_tribe_ticket_not_going_count":"","_tribe_tickets_list":"[]","_tribe_ticket_has_attendee_info_fields":false,"footnotes":"","_tec_slr_enabled":"","_tec_slr_layout":""},"class_list":["post-54","page","type-page","status-publish","has-post-thumbnail","hentry"],"yoast_head":"<!-- This site is optimized with the Yoast SEO plugin v26.9 - https:\/\/yoast.com\/product\/yoast-seo-wordpress\/ -->\n<title>FAQ &amp; Contact - La Rochette<\/title>\n<meta name=\"description\" content=\"FAQ &amp; Contact. Pour toute question, \u00e9crivez-nous un e-mail \u00e0 contact@fermelarochette.ch ou par t\u00e9l\u00e9phone +41 (0)76.237.25.75\" \/>\n<meta name=\"robots\" content=\"index, follow, max-snippet:-1, max-image-preview:large, max-video-preview:-1\" \/>\n<link rel=\"canonical\" href=\"https:\/\/fermelarochette.ch\/index.php\/contact-faq\/\" \/>\n<meta property=\"og:locale\" content=\"fr_FR\" \/>\n<meta property=\"og:type\" content=\"article\" \/>\n<meta property=\"og:title\" content=\"FAQ &amp; Contact - La Rochette\" \/>\n<meta property=\"og:description\" content=\"FAQ &amp; Contact. Pour toute question, \u00e9crivez-nous un e-mail \u00e0 contact@fermelarochette.ch ou par t\u00e9l\u00e9phone +41 (0)76.237.25.75\" \/>\n<meta property=\"og:url\" content=\"https:\/\/fermelarochette.ch\/index.php\/contact-faq\/\" \/>\n<meta property=\"og:site_name\" content=\"La Rochette\" \/>\n<meta property=\"article:modified_time\" content=\"2026-02-19T20:20:00+00:00\" \/>\n<meta property=\"og:image\" content=\"https:\/\/fermelarochette.ch\/wp-content\/uploads\/2022\/01\/doucette.jpg\" \/>\n\t<meta property=\"og:image:width\" content=\"1920\" \/>\n\t<meta property=\"og:image:height\" content=\"1080\" \/>\n\t<meta property=\"og:image:type\" content=\"image\/jpeg\" \/>\n<meta name=\"twitter:card\" content=\"summary_large_image\" \/>\n<meta name=\"twitter:label1\" content=\"Dur\u00e9e de lecture estim\u00e9e\" \/>\n\t<meta name=\"twitter:data1\" content=\"2 minutes\" \/>\n<script type=\"application\/ld+json\" class=\"yoast-schema-graph\">{\"@context\":\"https:\/\/schema.org\",\"@graph\":[{\"@type\":\"WebPage\",\"@id\":\"https:\/\/fermelarochette.ch\/index.php\/contact-faq\/\",\"url\":\"https:\/\/fermelarochette.ch\/index.php\/contact-faq\/\",\"name\":\"FAQ & Contact - La Rochette\",\"isPartOf\":{\"@id\":\"https:\/\/fermelarochette.ch\/#website\"},\"primaryImageOfPage\":{\"@id\":\"https:\/\/fermelarochette.ch\/index.php\/contact-faq\/#primaryimage\"},\"image\":{\"@id\":\"https:\/\/fermelarochette.ch\/index.php\/contact-faq\/#primaryimage\"},\"thumbnailUrl\":\"https:\/\/fermelarochette.ch\/wp-content\/uploads\/2022\/01\/doucette.jpg\",\"datePublished\":\"2022-01-26T22:16:58+00:00\",\"dateModified\":\"2026-02-19T20:20:00+00:00\",\"description\":\"FAQ & Contact. Pour toute question, \u00e9crivez-nous un e-mail \u00e0 contact@fermelarochette.ch ou par t\u00e9l\u00e9phone +41 (0)76.237.25.75\",\"breadcrumb\":{\"@id\":\"https:\/\/fermelarochette.ch\/index.php\/contact-faq\/#breadcrumb\"},\"inLanguage\":\"fr-FR\",\"potentialAction\":[{\"@type\":\"ReadAction\",\"target\":[\"https:\/\/fermelarochette.ch\/index.php\/contact-faq\/\"]}]},{\"@type\":\"ImageObject\",\"inLanguage\":\"fr-FR\",\"@id\":\"https:\/\/fermelarochette.ch\/index.php\/contact-faq\/#primaryimage\",\"url\":\"https:\/\/fermelarochette.ch\/wp-content\/uploads\/2022\/01\/doucette.jpg\",\"contentUrl\":\"https:\/\/fermelarochette.ch\/wp-content\/uploads\/2022\/01\/doucette.jpg\",\"width\":1920,\"height\":1080,\"caption\":\"Feuilles de doucette et cristaux de gel.\"},{\"@type\":\"BreadcrumbList\",\"@id\":\"https:\/\/fermelarochette.ch\/index.php\/contact-faq\/#breadcrumb\",\"itemListElement\":[{\"@type\":\"ListItem\",\"position\":1,\"name\":\"Accueil\",\"item\":\"https:\/\/fermelarochette.ch\/\"},{\"@type\":\"ListItem\",\"position\":2,\"name\":\"Contact\"}]},{\"@type\":\"WebSite\",\"@id\":\"https:\/\/fermelarochette.ch\/#website\",\"url\":\"https:\/\/fermelarochette.ch\/\",\"name\":\"La Rochette\",\"description\":\"Micro-ferme biologique\",\"potentialAction\":[{\"@type\":\"SearchAction\",\"target\":{\"@type\":\"EntryPoint\",\"urlTemplate\":\"https:\/\/fermelarochette.ch\/?s={search_term_string}\"},\"query-input\":{\"@type\":\"PropertyValueSpecification\",\"valueRequired\":true,\"valueName\":\"search_term_string\"}}],\"inLanguage\":\"fr-FR\"}]}<\/script>\n<!-- \/ Yoast SEO plugin. -->","yoast_head_json":{"title":"FAQ & Contact - La Rochette","description":"FAQ & Contact. Pour toute question, \u00e9crivez-nous un e-mail \u00e0 contact@fermelarochette.ch ou par t\u00e9l\u00e9phone +41 (0)76.237.25.75","robots":{"index":"index","follow":"follow","max-snippet":"max-snippet:-1","max-image-preview":"max-image-preview:large","max-video-preview":"max-video-preview:-1"},"canonical":"https:\/\/fermelarochette.ch\/index.php\/contact-faq\/","og_locale":"fr_FR","og_type":"article","og_title":"FAQ & Contact - La Rochette","og_description":"FAQ & Contact. Pour toute question, \u00e9crivez-nous un e-mail \u00e0 contact@fermelarochette.ch ou par t\u00e9l\u00e9phone +41 (0)76.237.25.75","og_url":"https:\/\/fermelarochette.ch\/index.php\/contact-faq\/","og_site_name":"La Rochette","article_modified_time":"2026-02-19T20:20:00+00:00","og_image":[{"width":1920,"height":1080,"url":"https:\/\/fermelarochette.ch\/wp-content\/uploads\/2022\/01\/doucette.jpg","type":"image\/jpeg"}],"twitter_card":"summary_large_image","twitter_misc":{"Dur\u00e9e de lecture estim\u00e9e":"2 minutes"},"schema":{"@context":"https:\/\/schema.org","@graph":[{"@type":"WebPage","@id":"https:\/\/fermelarochette.ch\/index.php\/contact-faq\/","url":"https:\/\/fermelarochette.ch\/index.php\/contact-faq\/","name":"FAQ & Contact - La Rochette","isPartOf":{"@id":"https:\/\/fermelarochette.ch\/#website"},"primaryImageOfPage":{"@id":"https:\/\/fermelarochette.ch\/index.php\/contact-faq\/#primaryimage"},"image":{"@id":"https:\/\/fermelarochette.ch\/index.php\/contact-faq\/#primaryimage"},"thumbnailUrl":"https:\/\/fermelarochette.ch\/wp-content\/uploads\/2022\/01\/doucette.jpg","datePublished":"2022-01-26T22:16:58+00:00","dateModified":"2026-02-19T20:20:00+00:00","description":"FAQ & Contact. Pour toute question, \u00e9crivez-nous un e-mail \u00e0 contact@fermelarochette.ch ou par t\u00e9l\u00e9phone +41 (0)76.237.25.75","breadcrumb":{"@id":"https:\/\/fermelarochette.ch\/index.php\/contact-faq\/#breadcrumb"},"inLanguage":"fr-FR","potentialAction":[{"@type":"ReadAction","target":["https:\/\/fermelarochette.ch\/index.php\/contact-faq\/"]}]},{"@type":"ImageObject","inLanguage":"fr-FR","@id":"https:\/\/fermelarochette.ch\/index.php\/contact-faq\/#primaryimage","url":"https:\/\/fermelarochette.ch\/wp-content\/uploads\/2022\/01\/doucette.jpg","contentUrl":"https:\/\/fermelarochette.ch\/wp-content\/uploads\/2022\/01\/doucette.jpg","width":1920,"height":1080,"caption":"Feuilles de doucette et cristaux de gel."},{"@type":"BreadcrumbList","@id":"https:\/\/fermelarochette.ch\/index.php\/contact-faq\/#breadcrumb","itemListElement":[{"@type":"ListItem","position":1,"name":"Accueil","item":"https:\/\/fermelarochette.ch\/"},{"@type":"ListItem","position":2,"name":"Contact"}]},{"@type":"WebSite","@id":"https:\/\/fermelarochette.ch\/#website","url":"https:\/\/fermelarochette.ch\/","name":"La Rochette","description":"Micro-ferme biologique","potentialAction":[{"@type":"SearchAction","target":{"@type":"EntryPoint","urlTemplate":"https:\/\/fermelarochette.ch\/?s={search_term_string}"},"query-input":{"@type":"PropertyValueSpecification","valueRequired":true,"valueName":"search_term_string"}}],"inLanguage":"fr-FR"}]}},"jetpack_sharing_enabled":true,"ticketed":false,"_links":{"self":[{"href":"https:\/\/fermelarochette.ch\/index.php\/wp-json\/wp\/v2\/pages\/54","targetHints":{"allow":["GET"]}}],"collection":[{"href":"https:\/\/fermelarochette.ch\/index.php\/wp-json\/wp\/v2\/pages"}],"about":[{"href":"https:\/\/fermelarochette.ch\/index.php\/wp-json\/wp\/v2\/types\/page"}],"author":[{"embeddable":true,"href":"https:\/\/fermelarochette.ch\/index.php\/wp-json\/wp\/v2\/users\/1"}],"replies":[{"embeddable":true,"href":"https:\/\/fermelarochette.ch\/index.php\/wp-json\/wp\/v2\/comments?post=54"}],"version-history":[{"count":42,"href":"https:\/\/fermelarochette.ch\/index.php\/wp-json\/wp\/v2\/pages\/54\/revisions"}],"predecessor-version":[{"id":3654,"href":"https:\/\/fermelarochette.ch\/index.php\/wp-json\/wp\/v2\/pages\/54\/revisions\/3654"}],"wp:featuredmedia":[{"embeddable":true,"href":"https:\/\/fermelarochette.ch\/index.php\/wp-json\/wp\/v2\/media\/117"}],"wp:attachment":[{"href":"https:\/\/fermelarochette.ch\/index.php\/wp-json\/wp\/v2\/media?parent=54"}],"curies":[{"name":"wp","href":"https:\/\/api.w.org\/{rel}","templated":true}]}}

<div class="wp-block-columns is-layout-flex wp-container-core-columns-is-layout-9d6595d7 wp-block-columns-is-layout-flex">
<div class="wp-block-column is-layout-flow wp-block-column-is-layout-flow" style="flex-basis:100%">
<h1 class="wp-block-heading has-large-font-size" id="faq">FAQ</h1>



<p><strong>Q: Puis-je acheter des produits directement à la ferme ?</strong><br>R: Prochainement, nous tiendrons une boutique à la ferme. En attendant, rendez-vous sur la page « <a href="https://fermelarochette.ch/index.php/legumes/">Légumes</a> » concernant les paniers de légumes, la page « <a href="https://fermelarochette.ch/index.php/boutique/">Boutique</a> » concernant les produits confectionnés, et la page « <a href="https://fermelarochette.ch/index.php/plants-et-plantons/">Plantons</a> » concernant les plants et plantons.</p>



<p><strong>Q: J&rsquo;aimerais m&rsquo;abonner à un panier de légumes ou passer une commande. Comment m&rsquo;y prendre ?</strong><br>R: Pour vous abonner aux paniers de légumes ou pour passer une commande, Stéphane se tient à votre disposition au <strong>079/354.59.75 </strong>ou à l&rsquo;adresse <a href="mailto:stephane@fermelarochette.ch">stephane@fermelarochette.ch </a></p>



<p><strong>Q: Puis-je visiter la ferme ? &nbsp;</strong><br>R: Certaines des <a href="https://fermelarochette.ch/index.php/formations-et-ateliers-programme/">formations</a> proposées ont lieu au cœur du jardin-maraîcher. En dehors de ces événements, nous organisons des journées <a href="https://fermelarochette.ch/index.php/portes-ouvertes/">portes-ouvertes</a>.</p>



<p><strong>Q: Est-ce possible de travailler à la ferme&nbsp;?</strong><br>R: Pour l’instant, nous n’accueillons pas de nouveaux membres. En revanche, nous recevons volontiers l’aide de bénévoles réguliers.</p>



<p><strong>Q: Est-ce que vos produits sont certifiés biologiques?</strong><br>R: Tous les produits de La Rochette sont certifiés Bio fédéral et la quasi totalité est également certifiée Bio Bourgeon. De plus, les méthodes de culture sont manuelles et inspirées de la permaculture.</p>



<p><strong>Q: Vendez-vous de la viande&nbsp;?</strong> <br>R: Non, mais notre partenaire <a href="https://www.lessaveurs.ch/">Les Saveurs de nos Pâturages</a> est spécialisé dans l’élevage de vaches Salers, porcs Pata Negra, volailles et autres animaux destinés à la production de viande de grande qualité. Les animaux sont élevés dans des conditions exemplaires.</p>



<div style="height:15px" aria-hidden="true" class="wp-block-spacer"></div>



<hr class="wp-block-separator has-css-opacity"/>



<div style="height:15px" aria-hidden="true" class="wp-block-spacer"></div>



<p><strong>Vous n&rsquo;avez pas trouvé réponse à votre question ? Contactez-nous par mail ou par téléphone&#8230;</strong></p>



<p>En général et pour l&rsquo;inscription aux formations : <a href="mailto:contact@fermelarochette.ch"><mark style="background-color:rgba(0, 0, 0, 0)" class="has-inline-color has-accent-1-color">contact@fermelarochette.ch</mark></a> (ou par téléphone auprès de Claudine 076/237.25.75)</p>



<p>À propos de légumes et maraîchage : <a href="mailto:stephane@fermelarochette.ch"><mark style="background-color:rgba(0, 0, 0, 0)" class="has-inline-color has-accent-1-color">stephane@fermelarochette.ch</mark></a> (079/354.59.75)</p>



<p><strong>Nous trouver</strong> : <mark style="background-color:rgba(0, 0, 0, 0)" class="has-inline-color has-accent-1-color">La Rochette, micro-ferme en permaculture, Sous la Rochette 10a, CH &#8211; 2947 Charmoille</mark>. Attention, les GPS pourraient vous emmener au mauvais endroit, une centaine de mètre avant La Rochette. Il s&rsquo;agit bien de la dernière ferme du village, encore après la douane, visible depuis la route.</p>
</div>
</div>

<p>FAQ Q: Puis-je acheter des produits directement à la ferme ?R: Prochainement, nous tiendrons une boutique à la ferme. En attendant, rendez-vous sur la page &hellip;</p>

<!-- This site is optimized with the Yoast SEO plugin v26.9 - https://yoast.com/product/yoast-seo-wordpress/ -->
<title>FAQ &amp; Contact - La Rochette</title>
<meta name="description" content="FAQ &amp; Contact. Pour toute question, écrivez-nous un e-mail à contact@fermelarochette.ch ou par téléphone +41 (0)76.237.25.75" />
<meta name="robots" content="index, follow, max-snippet:-1, max-image-preview:large, max-video-preview:-1" />
<link rel="canonical" href="https://fermelarochette.ch/index.php/contact-faq/" />
<meta property="og:locale" content="fr_FR" />
<meta property="og:type" content="article" />
<meta property="og:title" content="FAQ &amp; Contact - La Rochette" />
<meta property="og:description" content="FAQ &amp; Contact. Pour toute question, écrivez-nous un e-mail à contact@fermelarochette.ch ou par téléphone +41 (0)76.237.25.75" />
<meta property="og:url" content="https://fermelarochette.ch/index.php/contact-faq/" />
<meta property="og:site_name" content="La Rochette" />
<meta property="article:modified_time" content="2026-02-19T20:20:00+00:00" />
<meta property="og:image" content="https://fermelarochette.ch/wp-content/uploads/2022/01/doucette.jpg" />
	<meta property="og:image:width" content="1920" />
	<meta property="og:image:height" content="1080" />
	<meta property="og:image:type" content="image/jpeg" />
<meta name="twitter:card" content="summary_large_image" />
<meta name="twitter:label1" content="Durée de lecture estimée" />
	<meta name="twitter:data1" content="2 minutes" />
<script type="application/ld+json" class="yoast-schema-graph">{"@context":"https://schema.org","@graph":[{"@type":"WebPage","@id":"https://fermelarochette.ch/index.php/contact-faq/","url":"https://fermelarochette.ch/index.php/contact-faq/","name":"FAQ & Contact - La Rochette","isPartOf":{"@id":"https://fermelarochette.ch/#website"},"primaryImageOfPage":{"@id":"https://fermelarochette.ch/index.php/contact-faq/#primaryimage"},"image":{"@id":"https://fermelarochette.ch/index.php/contact-faq/#primaryimage"},"thumbnailUrl":"https://fermelarochette.ch/wp-content/uploads/2022/01/doucette.jpg","datePublished":"2022-01-26T22:16:58+00:00","dateModified":"2026-02-19T20:20:00+00:00","description":"FAQ & Contact. Pour toute question, écrivez-nous un e-mail à contact@fermelarochette.ch ou par téléphone +41 (0)76.237.25.75","breadcrumb":{"@id":"https://fermelarochette.ch/index.php/contact-faq/#breadcrumb"},"inLanguage":"fr-FR","potentialAction":[{"@type":"ReadAction","target":["https://fermelarochette.ch/index.php/contact-faq/"]}]},{"@type":"ImageObject","inLanguage":"fr-FR","@id":"https://fermelarochette.ch/index.php/contact-faq/#primaryimage","url":"https://fermelarochette.ch/wp-content/uploads/2022/01/doucette.jpg","contentUrl":"https://fermelarochette.ch/wp-content/uploads/2022/01/doucette.jpg","width":1920,"height":1080,"caption":"Feuilles de doucette et cristaux de gel."},{"@type":"BreadcrumbList","@id":"https://fermelarochette.ch/index.php/contact-faq/#breadcrumb","itemListElement":[{"@type":"ListItem","position":1,"name":"Accueil","item":"https://fermelarochette.ch/"},{"@type":"ListItem","position":2,"name":"Contact"}]},{"@type":"WebSite","@id":"https://fermelarochette.ch/#website","url":"https://fermelarochette.ch/","name":"La Rochette","description":"Micro-ferme biologique","potentialAction":[{"@type":"SearchAction","target":{"@type":"EntryPoint","urlTemplate":"https://fermelarochette.ch/?s={search_term_string}"},"query-input":{"@type":"PropertyValueSpecification","valueRequired":true,"valueName":"search_term_string"}}],"inLanguage":"fr-FR"}]}</script>
<!-- / Yoast SEO plugin. -->

FAQ & Contact. Pour toute question, écrivez-nous un e-mail à contact@fermelarochette.ch ou par téléphone +41 (0)76.237.25.75
