{"id":1388,"date":"2023-05-15T13:17:02","date_gmt":"2023-05-15T12:17:02","guid":{"rendered":"https:\/\/fermelarochette.ch\/?page_id=1388"},"modified":"2023-12-15T13:28:29","modified_gmt":"2023-12-15T12:28:29","slug":"fete-de-lete","status":"publish","type":"page","link":"https:\/\/fermelarochette.ch\/index.php\/evenements-animations-portes-ouvertes-marches\/fete-de-lete\/","title":{"rendered":"F\u00eate du jardin"},"content":{"rendered":"\n<h1 class=\"wp-block-heading\">Rendez-vous pour un moment convivial au c\u0153ur du jardin<\/h1>\n\n\n\n<p>Cette ann\u00e9e, pas de chichis : nous vous proposons de nous retrouver au jardin pour un moment sympathique tous ensemble au milieu des fleurs et des l\u00e9gumes. Pas de pr\u00e9sentations, pas de conf\u00e9rences&#8230; Juste le plaisir de partager un peu de joie de vivre et des bonnes choses \u00e0 manger ! <\/p>\n\n\n\n<p><strong><mark style=\"background-color:rgba(0, 0, 0, 0)\" class=\"has-inline-color has-accent-1-color\">Date et horaire :<\/mark><\/strong> <strong>1er septembre 2024 <\/strong>de 10h \u00e0 22h<\/p>\n\n\n\n<p><strong><mark style=\"background-color:rgba(0, 0, 0, 0)\" class=\"has-inline-color has-accent-1-color\">Lieu : <\/mark><\/strong>Jardin-mara\u00eecher de <strong>La Rochette<\/strong>, <strong>Clos dessous, 2947 Charmoille<\/strong> (voir la carte ci-dessous)<\/p>\n\n\n\n<p><strong><mark style=\"background-color:rgba(0, 0, 0, 0)\" class=\"has-inline-color has-accent-1-color\">Programme :<\/mark><\/strong> <br><strong>*<\/strong> <strong>D\u00e8s 10h et jusqu&rsquo;au soir :<\/strong> Balade dans le jardin, repos, sirotage de sirops et autres bonnes boissons, et papotages.<br><strong>* Midi :<\/strong> Grillades tous ensemble, avec viande de Mont-Lucelle et salades du jardin. <strong><mark style=\"background-color:rgba(0, 0, 0, 0);color:#920000\" class=\"has-inline-color\"><strong><mark style=\"background-color:rgba(0, 0, 0, 0);color:#b01a1a\" class=\"has-inline-color\">Merci de r\u00e9server en \u00e9crivant un message \u00e0 Claudine au 076\/237.25.75 !<\/mark><\/strong><\/mark><\/strong> Tirelire pour contribuer au prix du repas. <br><strong>* Soir : <\/strong>Autour du feu, grillades (encore !) et grignotages. On a bien dit que c&rsquo;est une journ\u00e9e repos et nourriture, non ?<br><\/p>\n\n\n\n<p><strong><mark style=\"background-color:rgba(0, 0, 0, 0)\" class=\"has-inline-color has-accent-1-color\">Acc\u00e8s :<\/mark><br>* En transports publics : <\/strong>\u00e0 10 minutes \u00e0 pied de l&rsquo;arr\u00eat de bus \u00ab\u00a0Charmoille, village\u00a0\u00bb<strong><br>* En voiture :<\/strong> <strong><mark style=\"background-color:rgba(0, 0, 0, 0);color:#b01a1a\" class=\"has-inline-color\">Il n&rsquo;y a pas de places de parc aux abords du jardin ! <\/mark><\/strong>Merci de parquer dans le village, par exemple vers l&rsquo;\u00e9cole, puis de marcher jusqu&rsquo;au jardin (pr\u00e9voir 10 minutes de marche, au plat). <\/p>\n\n\n<div class=\"wp-block-image\">\n<figure class=\"aligncenter size-full is-resized\"><img decoding=\"async\" width=\"843\" height=\"517\" data-src=\"https:\/\/fermelarochette.ch\/wp-content\/uploads\/2022\/02\/carte-acces-jardin-anotee.png\" alt=\"\" class=\"wp-image-444 lazyload\" style=\"--smush-placeholder-width: 843px; --smush-placeholder-aspect-ratio: 843\/517;width:664px;height:407px\" data-srcset=\"https:\/\/fermelarochette.ch\/wp-content\/uploads\/2022\/02\/carte-acces-jardin-anotee.png 843w, https:\/\/fermelarochette.ch\/wp-content\/uploads\/2022\/02\/carte-acces-jardin-anotee-600x368.png 600w, https:\/\/fermelarochette.ch\/wp-content\/uploads\/2022\/02\/carte-acces-jardin-anotee-300x184.png 300w, https:\/\/fermelarochette.ch\/wp-content\/uploads\/2022\/02\/carte-acces-jardin-anotee-768x471.png 768w, https:\/\/fermelarochette.ch\/wp-content\/uploads\/2022\/02\/carte-acces-jardin-anotee-489x300.png 489w\" data-sizes=\"(max-width: 843px) 100vw, 843px\" src=\"data:image\/svg+xml;base64,PHN2ZyB3aWR0aD0iMSIgaGVpZ2h0PSIxIiB4bWxucz0iaHR0cDovL3d3dy53My5vcmcvMjAwMC9zdmciPjwvc3ZnPg==\" \/><\/figure>\n<\/div>\n\n\n<div style=\"height:100px\" aria-hidden=\"true\" class=\"wp-block-spacer\"><\/div>\n\n\n\n<figure class=\"wp-block-gallery has-nested-images columns-default is-cropped wp-block-gallery-1 is-layout-flex wp-block-gallery-is-layout-flex\">\n<figure class=\"wp-block-image size-large\"><img decoding=\"async\" width=\"768\" height=\"1024\" data-id=\"1749\" data-src=\"https:\/\/fermelarochette.ch\/wp-content\/uploads\/2023\/12\/Fete-de-lete_Concert-de-Marius-768x1024.jpg\" alt=\"\" class=\"wp-image-1749 lazyload\" data-srcset=\"https:\/\/fermelarochette.ch\/wp-content\/uploads\/2023\/12\/Fete-de-lete_Concert-de-Marius-768x1024.jpg 768w, https:\/\/fermelarochette.ch\/wp-content\/uploads\/2023\/12\/Fete-de-lete_Concert-de-Marius-scaled-600x800.jpg 600w, https:\/\/fermelarochette.ch\/wp-content\/uploads\/2023\/12\/Fete-de-lete_Concert-de-Marius-225x300.jpg 225w, https:\/\/fermelarochette.ch\/wp-content\/uploads\/2023\/12\/Fete-de-lete_Concert-de-Marius-1152x1536.jpg 1152w, https:\/\/fermelarochette.ch\/wp-content\/uploads\/2023\/12\/Fete-de-lete_Concert-de-Marius-1536x2048.jpg 1536w, https:\/\/fermelarochette.ch\/wp-content\/uploads\/2023\/12\/Fete-de-lete_Concert-de-Marius-scaled.jpg 1920w\" data-sizes=\"(max-width: 768px) 100vw, 768px\" src=\"data:image\/svg+xml;base64,PHN2ZyB3aWR0aD0iMSIgaGVpZ2h0PSIxIiB4bWxucz0iaHR0cDovL3d3dy53My5vcmcvMjAwMC9zdmciPjwvc3ZnPg==\" style=\"--smush-placeholder-width: 768px; --smush-placeholder-aspect-ratio: 768\/1024;\" \/><\/figure>\n\n\n\n<figure class=\"wp-block-image size-large\"><img decoding=\"async\" width=\"768\" height=\"1024\" data-id=\"1750\" data-src=\"https:\/\/fermelarochette.ch\/wp-content\/uploads\/2023\/12\/Fete-de-lete_Les-enfants-jouent-768x1024.jpg\" alt=\"\" class=\"wp-image-1750 lazyload\" data-srcset=\"https:\/\/fermelarochette.ch\/wp-content\/uploads\/2023\/12\/Fete-de-lete_Les-enfants-jouent-768x1024.jpg 768w, https:\/\/fermelarochette.ch\/wp-content\/uploads\/2023\/12\/Fete-de-lete_Les-enfants-jouent-scaled-600x800.jpg 600w, https:\/\/fermelarochette.ch\/wp-content\/uploads\/2023\/12\/Fete-de-lete_Les-enfants-jouent-225x300.jpg 225w, https:\/\/fermelarochette.ch\/wp-content\/uploads\/2023\/12\/Fete-de-lete_Les-enfants-jouent-1152x1536.jpg 1152w, https:\/\/fermelarochette.ch\/wp-content\/uploads\/2023\/12\/Fete-de-lete_Les-enfants-jouent-1536x2048.jpg 1536w, https:\/\/fermelarochette.ch\/wp-content\/uploads\/2023\/12\/Fete-de-lete_Les-enfants-jouent-scaled.jpg 1920w\" data-sizes=\"(max-width: 768px) 100vw, 768px\" src=\"data:image\/svg+xml;base64,PHN2ZyB3aWR0aD0iMSIgaGVpZ2h0PSIxIiB4bWxucz0iaHR0cDovL3d3dy53My5vcmcvMjAwMC9zdmciPjwvc3ZnPg==\" style=\"--smush-placeholder-width: 768px; --smush-placeholder-aspect-ratio: 768\/1024;\" \/><\/figure>\n\n\n\n<figure class=\"wp-block-image size-large\"><img decoding=\"async\" width=\"768\" height=\"1024\" data-id=\"1757\" data-src=\"https:\/\/fermelarochette.ch\/wp-content\/uploads\/2023\/12\/Fete-de-lete_Grillades-1-1-768x1024.jpg\" alt=\"\" class=\"wp-image-1757 lazyload\" data-srcset=\"https:\/\/fermelarochette.ch\/wp-content\/uploads\/2023\/12\/Fete-de-lete_Grillades-1-1-768x1024.jpg 768w, https:\/\/fermelarochette.ch\/wp-content\/uploads\/2023\/12\/Fete-de-lete_Grillades-1-1-scaled-600x800.jpg 600w, https:\/\/fermelarochette.ch\/wp-content\/uploads\/2023\/12\/Fete-de-lete_Grillades-1-1-225x300.jpg 225w, https:\/\/fermelarochette.ch\/wp-content\/uploads\/2023\/12\/Fete-de-lete_Grillades-1-1-1152x1536.jpg 1152w, https:\/\/fermelarochette.ch\/wp-content\/uploads\/2023\/12\/Fete-de-lete_Grillades-1-1-1536x2048.jpg 1536w, https:\/\/fermelarochette.ch\/wp-content\/uploads\/2023\/12\/Fete-de-lete_Grillades-1-1-scaled.jpg 1920w\" data-sizes=\"(max-width: 768px) 100vw, 768px\" src=\"data:image\/svg+xml;base64,PHN2ZyB3aWR0aD0iMSIgaGVpZ2h0PSIxIiB4bWxucz0iaHR0cDovL3d3dy53My5vcmcvMjAwMC9zdmciPjwvc3ZnPg==\" style=\"--smush-placeholder-width: 768px; --smush-placeholder-aspect-ratio: 768\/1024;\" \/><\/figure>\n\n\n\n<figure class=\"wp-block-image size-large\"><img decoding=\"async\" width=\"1024\" height=\"768\" data-id=\"1753\" data-src=\"https:\/\/fermelarochette.ch\/wp-content\/uploads\/2023\/12\/Entree-du-jardin_Fete-de-lete-1024x768.jpg\" alt=\"\" class=\"wp-image-1753 lazyload\" data-srcset=\"https:\/\/fermelarochette.ch\/wp-content\/uploads\/2023\/12\/Entree-du-jardin_Fete-de-lete-1024x768.jpg 1024w, https:\/\/fermelarochette.ch\/wp-content\/uploads\/2023\/12\/Entree-du-jardin_Fete-de-lete-600x450.jpg 600w, https:\/\/fermelarochette.ch\/wp-content\/uploads\/2023\/12\/Entree-du-jardin_Fete-de-lete-300x225.jpg 300w, https:\/\/fermelarochette.ch\/wp-content\/uploads\/2023\/12\/Entree-du-jardin_Fete-de-lete-768x576.jpg 768w, https:\/\/fermelarochette.ch\/wp-content\/uploads\/2023\/12\/Entree-du-jardin_Fete-de-lete-1536x1152.jpg 1536w, https:\/\/fermelarochette.ch\/wp-content\/uploads\/2023\/12\/Entree-du-jardin_Fete-de-lete-400x300.jpg 400w, https:\/\/fermelarochette.ch\/wp-content\/uploads\/2023\/12\/Entree-du-jardin_Fete-de-lete.jpg 2048w\" data-sizes=\"(max-width: 1024px) 100vw, 1024px\" src=\"data:image\/svg+xml;base64,PHN2ZyB3aWR0aD0iMSIgaGVpZ2h0PSIxIiB4bWxucz0iaHR0cDovL3d3dy53My5vcmcvMjAwMC9zdmciPjwvc3ZnPg==\" style=\"--smush-placeholder-width: 1024px; --smush-placeholder-aspect-ratio: 1024\/768;\" \/><\/figure>\n\n\n\n<figure class=\"wp-block-image size-large\"><img decoding=\"async\" width=\"1024\" height=\"768\" data-id=\"1748\" data-src=\"https:\/\/fermelarochette.ch\/wp-content\/uploads\/2023\/12\/Panorama_Fete-de-lete-1024x768.jpg\" alt=\"\" class=\"wp-image-1748 lazyload\" data-srcset=\"https:\/\/fermelarochette.ch\/wp-content\/uploads\/2023\/12\/Panorama_Fete-de-lete-1024x768.jpg 1024w, https:\/\/fermelarochette.ch\/wp-content\/uploads\/2023\/12\/Panorama_Fete-de-lete-600x450.jpg 600w, https:\/\/fermelarochette.ch\/wp-content\/uploads\/2023\/12\/Panorama_Fete-de-lete-300x225.jpg 300w, https:\/\/fermelarochette.ch\/wp-content\/uploads\/2023\/12\/Panorama_Fete-de-lete-768x576.jpg 768w, https:\/\/fermelarochette.ch\/wp-content\/uploads\/2023\/12\/Panorama_Fete-de-lete-1536x1152.jpg 1536w, https:\/\/fermelarochette.ch\/wp-content\/uploads\/2023\/12\/Panorama_Fete-de-lete-400x300.jpg 400w, https:\/\/fermelarochette.ch\/wp-content\/uploads\/2023\/12\/Panorama_Fete-de-lete.jpg 2048w\" data-sizes=\"(max-width: 1024px) 100vw, 1024px\" src=\"data:image\/svg+xml;base64,PHN2ZyB3aWR0aD0iMSIgaGVpZ2h0PSIxIiB4bWxucz0iaHR0cDovL3d3dy53My5vcmcvMjAwMC9zdmciPjwvc3ZnPg==\" style=\"--smush-placeholder-width: 1024px; --smush-placeholder-aspect-ratio: 1024\/768;\" \/><\/figure>\n\n\n\n<figure class=\"wp-block-image size-large\"><img decoding=\"async\" width=\"768\" height=\"1024\" data-id=\"1751\" data-src=\"https:\/\/fermelarochette.ch\/wp-content\/uploads\/2023\/12\/Fete-de-lete_Tout-le-monde-danse--768x1024.jpg\" alt=\"\" class=\"wp-image-1751 lazyload\" data-srcset=\"https:\/\/fermelarochette.ch\/wp-content\/uploads\/2023\/12\/Fete-de-lete_Tout-le-monde-danse--768x1024.jpg 768w, https:\/\/fermelarochette.ch\/wp-content\/uploads\/2023\/12\/Fete-de-lete_Tout-le-monde-danse--scaled-600x800.jpg 600w, https:\/\/fermelarochette.ch\/wp-content\/uploads\/2023\/12\/Fete-de-lete_Tout-le-monde-danse--225x300.jpg 225w, https:\/\/fermelarochette.ch\/wp-content\/uploads\/2023\/12\/Fete-de-lete_Tout-le-monde-danse--1152x1536.jpg 1152w, https:\/\/fermelarochette.ch\/wp-content\/uploads\/2023\/12\/Fete-de-lete_Tout-le-monde-danse--1536x2048.jpg 1536w, https:\/\/fermelarochette.ch\/wp-content\/uploads\/2023\/12\/Fete-de-lete_Tout-le-monde-danse--scaled.jpg 1920w\" data-sizes=\"(max-width: 768px) 100vw, 768px\" src=\"data:image\/svg+xml;base64,PHN2ZyB3aWR0aD0iMSIgaGVpZ2h0PSIxIiB4bWxucz0iaHR0cDovL3d3dy53My5vcmcvMjAwMC9zdmciPjwvc3ZnPg==\" style=\"--smush-placeholder-width: 768px; --smush-placeholder-aspect-ratio: 768\/1024;\" \/><\/figure>\n<\/figure>\n","protected":false},"excerpt":{"rendered":"<p>Rendez-vous pour un moment convivial au c\u0153ur du jardin Cette ann\u00e9e, pas de chichis : nous vous proposons de nous retrouver au jardin pour un &hellip;<\/p>\n","protected":false},"author":1,"featured_media":1240,"parent":49,"menu_order":0,"comment_status":"closed","ping_status":"closed","template":"","meta":{"_price":"","_stock":"","_tribe_ticket_header":"","_tribe_default_ticket_provider":"","_ticket_start_date":"","_ticket_end_date":"","_tribe_ticket_show_description":"","_tribe_ticket_show_not_going":false,"_tribe_ticket_use_global_stock":"","_tribe_ticket_global_stock_level":"","_global_stock_mode":"","_global_stock_cap":"","_tribe_rsvp_for_event":"","_tribe_ticket_going_count":"","_tribe_ticket_not_going_count":"","_tribe_tickets_list":"[]","_tribe_ticket_has_attendee_info_fields":false,"footnotes":"","_tec_slr_enabled":"","_tec_slr_layout":""},"class_list":["post-1388","page","type-page","status-publish","has-post-thumbnail","hentry"],"yoast_head":"<!-- This site is optimized with the Yoast SEO plugin v26.9 - https:\/\/yoast.com\/product\/yoast-seo-wordpress\/ -->\n<title>F\u00eate du jardin - La Rochette<\/title>\n<meta name=\"description\" content=\"Si vous aimez autant que nous jouer, danser et bien manger au milieu des l\u00e9gumes et des fleurs, nous vous attendons \u00e0 la F\u00eate de l&#039;\u00e9t\u00e9 de La Rochette. Ambiance d\u00e9tendue et familiale garantie...\" \/>\n<meta name=\"robots\" content=\"index, follow, max-snippet:-1, max-image-preview:large, max-video-preview:-1\" \/>\n<link rel=\"canonical\" href=\"https:\/\/fermelarochette.ch\/index.php\/evenements-animations-portes-ouvertes-marches\/fete-de-lete\/\" \/>\n<meta property=\"og:locale\" content=\"fr_FR\" \/>\n<meta property=\"og:type\" content=\"article\" \/>\n<meta property=\"og:title\" content=\"F\u00eate du jardin - La Rochette\" \/>\n<meta property=\"og:description\" content=\"Si vous aimez autant que nous jouer, danser et bien manger au milieu des l\u00e9gumes et des fleurs, nous vous attendons \u00e0 la F\u00eate de l&#039;\u00e9t\u00e9 de La Rochette. Ambiance d\u00e9tendue et familiale garantie...\" \/>\n<meta property=\"og:url\" content=\"https:\/\/fermelarochette.ch\/index.php\/evenements-animations-portes-ouvertes-marches\/fete-de-lete\/\" \/>\n<meta property=\"og:site_name\" content=\"La Rochette\" \/>\n<meta property=\"article:modified_time\" content=\"2023-12-15T12:28:29+00:00\" \/>\n<meta property=\"og:image\" content=\"https:\/\/fermelarochette.ch\/wp-content\/uploads\/2022\/12\/IMG_5481-rotated.jpg\" \/>\n\t<meta property=\"og:image:width\" content=\"1512\" \/>\n\t<meta property=\"og:image:height\" content=\"2016\" \/>\n\t<meta property=\"og:image:type\" content=\"image\/jpeg\" \/>\n<meta name=\"twitter:card\" content=\"summary_large_image\" \/>\n<meta name=\"twitter:label1\" content=\"Dur\u00e9e de lecture estim\u00e9e\" \/>\n\t<meta name=\"twitter:data1\" content=\"1 minute\" \/>\n<script type=\"application\/ld+json\" class=\"yoast-schema-graph\">{\"@context\":\"https:\/\/schema.org\",\"@graph\":[{\"@type\":\"WebPage\",\"@id\":\"https:\/\/fermelarochette.ch\/index.php\/evenements-animations-portes-ouvertes-marches\/fete-de-lete\/\",\"url\":\"https:\/\/fermelarochette.ch\/index.php\/evenements-animations-portes-ouvertes-marches\/fete-de-lete\/\",\"name\":\"F\u00eate du jardin - La Rochette\",\"isPartOf\":{\"@id\":\"https:\/\/fermelarochette.ch\/#website\"},\"primaryImageOfPage\":{\"@id\":\"https:\/\/fermelarochette.ch\/index.php\/evenements-animations-portes-ouvertes-marches\/fete-de-lete\/#primaryimage\"},\"image\":{\"@id\":\"https:\/\/fermelarochette.ch\/index.php\/evenements-animations-portes-ouvertes-marches\/fete-de-lete\/#primaryimage\"},\"thumbnailUrl\":\"https:\/\/fermelarochette.ch\/wp-content\/uploads\/2022\/12\/IMG_5481-rotated.jpg\",\"datePublished\":\"2023-05-15T12:17:02+00:00\",\"dateModified\":\"2023-12-15T12:28:29+00:00\",\"description\":\"Si vous aimez autant que nous jouer, danser et bien manger au milieu des l\u00e9gumes et des fleurs, nous vous attendons \u00e0 la F\u00eate de l'\u00e9t\u00e9 de La Rochette. Ambiance d\u00e9tendue et familiale garantie...\",\"breadcrumb\":{\"@id\":\"https:\/\/fermelarochette.ch\/index.php\/evenements-animations-portes-ouvertes-marches\/fete-de-lete\/#breadcrumb\"},\"inLanguage\":\"fr-FR\",\"potentialAction\":[{\"@type\":\"ReadAction\",\"target\":[\"https:\/\/fermelarochette.ch\/index.php\/evenements-animations-portes-ouvertes-marches\/fete-de-lete\/\"]}]},{\"@type\":\"ImageObject\",\"inLanguage\":\"fr-FR\",\"@id\":\"https:\/\/fermelarochette.ch\/index.php\/evenements-animations-portes-ouvertes-marches\/fete-de-lete\/#primaryimage\",\"url\":\"https:\/\/fermelarochette.ch\/wp-content\/uploads\/2022\/12\/IMG_5481-rotated.jpg\",\"contentUrl\":\"https:\/\/fermelarochette.ch\/wp-content\/uploads\/2022\/12\/IMG_5481-rotated.jpg\",\"width\":1512,\"height\":2016},{\"@type\":\"BreadcrumbList\",\"@id\":\"https:\/\/fermelarochette.ch\/index.php\/evenements-animations-portes-ouvertes-marches\/fete-de-lete\/#breadcrumb\",\"itemListElement\":[{\"@type\":\"ListItem\",\"position\":1,\"name\":\"Accueil\",\"item\":\"https:\/\/fermelarochette.ch\/\"},{\"@type\":\"ListItem\",\"position\":2,\"name\":\"\u00c9v\u00e9nements\",\"item\":\"https:\/\/fermelarochette.ch\/index.php\/evenements-animations-portes-ouvertes-marches\/\"},{\"@type\":\"ListItem\",\"position\":3,\"name\":\"F\u00eate du jardin\"}]},{\"@type\":\"WebSite\",\"@id\":\"https:\/\/fermelarochette.ch\/#website\",\"url\":\"https:\/\/fermelarochette.ch\/\",\"name\":\"La Rochette\",\"description\":\"Micro-ferme biologique\",\"potentialAction\":[{\"@type\":\"SearchAction\",\"target\":{\"@type\":\"EntryPoint\",\"urlTemplate\":\"https:\/\/fermelarochette.ch\/?s={search_term_string}\"},\"query-input\":{\"@type\":\"PropertyValueSpecification\",\"valueRequired\":true,\"valueName\":\"search_term_string\"}}],\"inLanguage\":\"fr-FR\"}]}<\/script>\n<!-- \/ Yoast SEO plugin. -->","yoast_head_json":{"title":"F\u00eate du jardin - La Rochette","description":"Si vous aimez autant que nous jouer, danser et bien manger au milieu des l\u00e9gumes et des fleurs, nous vous attendons \u00e0 la F\u00eate de l'\u00e9t\u00e9 de La Rochette. Ambiance d\u00e9tendue et familiale garantie...","robots":{"index":"index","follow":"follow","max-snippet":"max-snippet:-1","max-image-preview":"max-image-preview:large","max-video-preview":"max-video-preview:-1"},"canonical":"https:\/\/fermelarochette.ch\/index.php\/evenements-animations-portes-ouvertes-marches\/fete-de-lete\/","og_locale":"fr_FR","og_type":"article","og_title":"F\u00eate du jardin - La Rochette","og_description":"Si vous aimez autant que nous jouer, danser et bien manger au milieu des l\u00e9gumes et des fleurs, nous vous attendons \u00e0 la F\u00eate de l'\u00e9t\u00e9 de La Rochette. Ambiance d\u00e9tendue et familiale garantie...","og_url":"https:\/\/fermelarochette.ch\/index.php\/evenements-animations-portes-ouvertes-marches\/fete-de-lete\/","og_site_name":"La Rochette","article_modified_time":"2023-12-15T12:28:29+00:00","og_image":[{"width":1512,"height":2016,"url":"https:\/\/fermelarochette.ch\/wp-content\/uploads\/2022\/12\/IMG_5481-rotated.jpg","type":"image\/jpeg"}],"twitter_card":"summary_large_image","twitter_misc":{"Dur\u00e9e de lecture estim\u00e9e":"1 minute"},"schema":{"@context":"https:\/\/schema.org","@graph":[{"@type":"WebPage","@id":"https:\/\/fermelarochette.ch\/index.php\/evenements-animations-portes-ouvertes-marches\/fete-de-lete\/","url":"https:\/\/fermelarochette.ch\/index.php\/evenements-animations-portes-ouvertes-marches\/fete-de-lete\/","name":"F\u00eate du jardin - La Rochette","isPartOf":{"@id":"https:\/\/fermelarochette.ch\/#website"},"primaryImageOfPage":{"@id":"https:\/\/fermelarochette.ch\/index.php\/evenements-animations-portes-ouvertes-marches\/fete-de-lete\/#primaryimage"},"image":{"@id":"https:\/\/fermelarochette.ch\/index.php\/evenements-animations-portes-ouvertes-marches\/fete-de-lete\/#primaryimage"},"thumbnailUrl":"https:\/\/fermelarochette.ch\/wp-content\/uploads\/2022\/12\/IMG_5481-rotated.jpg","datePublished":"2023-05-15T12:17:02+00:00","dateModified":"2023-12-15T12:28:29+00:00","description":"Si vous aimez autant que nous jouer, danser et bien manger au milieu des l\u00e9gumes et des fleurs, nous vous attendons \u00e0 la F\u00eate de l'\u00e9t\u00e9 de La Rochette. Ambiance d\u00e9tendue et familiale garantie...","breadcrumb":{"@id":"https:\/\/fermelarochette.ch\/index.php\/evenements-animations-portes-ouvertes-marches\/fete-de-lete\/#breadcrumb"},"inLanguage":"fr-FR","potentialAction":[{"@type":"ReadAction","target":["https:\/\/fermelarochette.ch\/index.php\/evenements-animations-portes-ouvertes-marches\/fete-de-lete\/"]}]},{"@type":"ImageObject","inLanguage":"fr-FR","@id":"https:\/\/fermelarochette.ch\/index.php\/evenements-animations-portes-ouvertes-marches\/fete-de-lete\/#primaryimage","url":"https:\/\/fermelarochette.ch\/wp-content\/uploads\/2022\/12\/IMG_5481-rotated.jpg","contentUrl":"https:\/\/fermelarochette.ch\/wp-content\/uploads\/2022\/12\/IMG_5481-rotated.jpg","width":1512,"height":2016},{"@type":"BreadcrumbList","@id":"https:\/\/fermelarochette.ch\/index.php\/evenements-animations-portes-ouvertes-marches\/fete-de-lete\/#breadcrumb","itemListElement":[{"@type":"ListItem","position":1,"name":"Accueil","item":"https:\/\/fermelarochette.ch\/"},{"@type":"ListItem","position":2,"name":"\u00c9v\u00e9nements","item":"https:\/\/fermelarochette.ch\/index.php\/evenements-animations-portes-ouvertes-marches\/"},{"@type":"ListItem","position":3,"name":"F\u00eate du jardin"}]},{"@type":"WebSite","@id":"https:\/\/fermelarochette.ch\/#website","url":"https:\/\/fermelarochette.ch\/","name":"La Rochette","description":"Micro-ferme biologique","potentialAction":[{"@type":"SearchAction","target":{"@type":"EntryPoint","urlTemplate":"https:\/\/fermelarochette.ch\/?s={search_term_string}"},"query-input":{"@type":"PropertyValueSpecification","valueRequired":true,"valueName":"search_term_string"}}],"inLanguage":"fr-FR"}]}},"jetpack_sharing_enabled":true,"ticketed":false,"_links":{"self":[{"href":"https:\/\/fermelarochette.ch\/index.php\/wp-json\/wp\/v2\/pages\/1388","targetHints":{"allow":["GET"]}}],"collection":[{"href":"https:\/\/fermelarochette.ch\/index.php\/wp-json\/wp\/v2\/pages"}],"about":[{"href":"https:\/\/fermelarochette.ch\/index.php\/wp-json\/wp\/v2\/types\/page"}],"author":[{"embeddable":true,"href":"https:\/\/fermelarochette.ch\/index.php\/wp-json\/wp\/v2\/users\/1"}],"replies":[{"embeddable":true,"href":"https:\/\/fermelarochette.ch\/index.php\/wp-json\/wp\/v2\/comments?post=1388"}],"version-history":[{"count":22,"href":"https:\/\/fermelarochette.ch\/index.php\/wp-json\/wp\/v2\/pages\/1388\/revisions"}],"predecessor-version":[{"id":1758,"href":"https:\/\/fermelarochette.ch\/index.php\/wp-json\/wp\/v2\/pages\/1388\/revisions\/1758"}],"up":[{"embeddable":true,"href":"https:\/\/fermelarochette.ch\/index.php\/wp-json\/wp\/v2\/pages\/49"}],"wp:featuredmedia":[{"embeddable":true,"href":"https:\/\/fermelarochette.ch\/index.php\/wp-json\/wp\/v2\/media\/1240"}],"wp:attachment":[{"href":"https:\/\/fermelarochette.ch\/index.php\/wp-json\/wp\/v2\/media?parent=1388"}],"curies":[{"name":"wp","href":"https:\/\/api.w.org\/{rel}","templated":true}]}}